{"id":9,"date":"2023-10-04T12:25:02","date_gmt":"2023-10-04T10:25:02","guid":{"rendered":"https:\/\/biellajetteam.com\/?page_id=9"},"modified":"2023-10-05T15:15:53","modified_gmt":"2023-10-05T13:15:53","slug":"mesmerize","status":"publish","type":"page","link":"https:\/\/biellajetteam.com\/","title":{"rendered":"Front Page"},"content":{"rendered":"<div  id=\"la-nostra-missione\" class=\"features-16-card-bordered-mc content-section content-section-spacing\" style=\"background-color: #ffffff;\" data-label=\"La nostra missione\" data-id=\"features-16-card-bordered-mc\" data-export-id=\"features-16-card-bordered-mc\" data-bullets-visibility=\"true\" data-category=\"features\">\n<div  class=\"gridContainer\">\n<div  class=\"row text-center\">\n<div  class=\"section-title-col\" data-type=\"column\">\n<h5  class=\"\">La nostra missione<\/h5>\n<h2  class=\"\">Cosa fa il Biella Jet Team?<\/h2>\n<p  class=\"lead\">Principalmente il Team esiste per passare in allegria e spensieratezza i nostri momenti liberi, abbiamo la fortuna di essere grandi Amici oltre a condividere la passione per l\u2019aeromodellismo. Partecipiamo a raduni in tutta Italia e oltre. Negli ultimi anni abbiamo deciso di organizzare un raduno tutto nostro, il Biella Jet Power e collaboriamo con il Gruppo Ali Ticino per l\u2019organizzazione del loro Jet Meeting annuale. Nel 2020 abbiamo collaborato con Arolab Model Design per la realizzazione di un modello Sport Jet che sta ottenendo un buon succeso, lo Zefiro. <\/p>\n\n<\/div>\n<\/div>\n<div  class=\"row spaced-cols\" data-type=\"row\">\n<div  class=\"col-xs-12 col-sm-6 col-md-6 \">\n<div  class=\"card no-padding bordered y-move\"><img  decoding=\"async\" class=\"face\" src=\"https:\/\/biellajetteam.com\/wp-content\/uploads\/2023\/10\/cropped-vc.jpeg\" title=\"cropped-vc.jpeg\" alt=\"\">\n<div  class=\"col-padding-small col-padding-small-xs description-container\" data-type=\"column\">\n<h4  class=\"font-500\">Cercateci nei raduni aeromodellistici pi\u00f9 importanti<\/h4>\n<p  class=\"\">Partecipiamo a quasi tutti i raduni aeromodellistici pi\u00f9 importanti sul territorio Italiano. Cercateci e saremo felici di brindare con voi!<\/p>\n\n<\/div>\n<div  class=\"col-padding-small col-padding-small-xs read-more-container\" data-type=\"column\"><\/div>\n<\/div>\n<\/div>\n<div  class=\"col-xs-12 col-sm-6 col-md-6 \">\n<div  class=\"card no-padding bordered y-move\"><img  decoding=\"async\" class=\"face\" src=\"https:\/\/biellajetteam.com\/wp-content\/uploads\/2023\/10\/cropped-WhatsApp-Image-2023-10-05-at-11.36.02.jpeg\" title=\"cropped-WhatsApp-Image-2023-10-05-at-11.36.02.jpeg\" alt=\"\">\n<div  class=\"col-padding-small col-padding-small-xs description-container\" data-type=\"column\">\n<h4  class=\"font-500\">e se non siamo a qualche raduno\u2026<\/h4>\n<p  class=\"\">\u2026ci trovertete sicuramente presso il campo di volo Ali su Mazz\u00e8 o presso il campo di volo del gruppo Ali Ticino.<\/p>\n\n<\/div>\n<div  class=\"col-padding-small col-padding-small-xs read-more-container\" data-type=\"column\"><\/div>\n<\/div>\n<\/div>\n<div  class=\"col-xs-12 col-sm-6 col-md-6 \">\n<div  class=\"card no-padding bordered y-move\"><img  decoding=\"async\" class=\"face\" src=\"https:\/\/biellajetteam.com\/wp-content\/uploads\/2023\/10\/cropped-bjpbanner.jpg\" title=\"cropped-bjpbanner.jpg\" alt=\"\">\n<div  class=\"col-padding-small col-padding-small-xs description-container\" data-type=\"column\">\n<h4  class=\"font-500\">Il Biella Jet Power<\/h4>\n<p  class=\"\">Ogni anno, a fine settembre, organizziamo presso l\u2019aviosuperficie Ali Ticino presso Casaleggio (NO) il nostro super raduno, il Biella Jet Power. Un weekend di festa, sono sempre presenti modellisti da tutta Italia ed Europa, se volete vedere gli aeromodelli pi\u00f9 belli e i modellisti pi\u00f9 bravi non potete perdervi questo maxi evento!!!<\/p>\n\n<\/div>\n<div  class=\"col-padding-small col-padding-small-xs read-more-container\" data-type=\"column\"><\/div>\n<\/div>\n<\/div>\n<\/div>\n<\/div>\n<\/div><div  id=\"il-nostro-team\" class=\"team-5-mc content-section content-section-spacing\" style=\"background-color: #ffffff;\" data-label=\"Il nostro Team\" data-id=\"team-5-mc\" data-export-id=\"team-5-mc\" data-bullets-visibility=\"true\" data-category=\"team\">\n<div  class=\"\">\n<div  class=\"row text-center\">\n<div  class=\"section-title-col\" data-type=\"column\">\n<h2  class=\"\">Il nostro Team<\/h2>\n<p  class=\"lead\">Le cose non vanno avanti da sole. Occorre un Team, affiatato, attivo e sempre pronto ad offrirvi uno Spritz!<\/p>\n\n<\/div>\n<\/div>\n<div  class=\"row spaced-cols content-center-sm\" data-type=\"row\">\n\n<div  class=\"col-xs-12 col-sm-6 col-padding col-md-2\">\n<div  class=\"row \">\n<div  class=\"col-xs-12 col-sm-12\" data-type=\"column\"><img  decoding=\"async\" class=\"round face\" src=\"https:\/\/biellajetteam.com\/wp-content\/uploads\/2023\/10\/cropped-antonio.jpg\" title=\"cropped-antonio.jpg\" alt=\"\">\n<h4  class=\"font-500\">Antonio Mendicino<\/h4>\n\n<p  class=\"\"><\/p>\n\n<div  class=\"social-icons-group\" data-type=\"group\"><\/div>\n<\/div>\n<\/div>\n<\/div><div  class=\"col-xs-12 col-sm-6 col-padding col-md-2 \">\n<div  class=\"row \">\n<div  class=\"col-xs-12 col-sm-12\" data-type=\"column\">\n<img  decoding=\"async\" class=\"round face\" src=\"https:\/\/biellajetteam.com\/wp-content\/uploads\/2023\/10\/cropped-cropped-cropped-luca-1.jpeg\" title=\"cropped-cropped-cropped-luca-1.jpeg\" alt=\"\"><h4  class=\"font-500\">Luca Rosmo<\/h4>\n\n<p  class=\"\"><\/p>\n\n<div  class=\"social-icons-group\" data-type=\"group\"><\/div>\n<\/div>\n<\/div>\n<\/div><div  class=\"col-xs-12 col-sm-6 col-padding col-md-2 \">\n<div  class=\"row \">\n<div  class=\"col-xs-12 col-sm-12\" data-type=\"column\"><img  decoding=\"async\" class=\"round face\" src=\"https:\/\/biellajetteam.com\/wp-content\/uploads\/2023\/10\/cropped-nic.jpg\" title=\"cropped-nic.jpg\" alt=\"\">\n<h4  class=\"font-500\">Nicola Pastorato<\/h4>\n\n<p  class=\"\"><\/p>\n\n<div  class=\"social-icons-group\" data-type=\"group\"><\/div>\n<\/div>\n<\/div>\n<\/div>\n<div  class=\"col-xs-12 col-sm-6 col-padding col-md-2 \">\n<div  class=\"row \">\n<div  class=\"col-xs-12 col-sm-12\" data-type=\"column\"><img  decoding=\"async\" class=\"round face\" src=\"https:\/\/biellajetteam.com\/wp-content\/uploads\/2023\/10\/cropped-marco.jpg\" title=\"cropped-marco.jpg\" alt=\"\">\n<h4  class=\"font-500\">Marco Biscuola<\/h4>\n\n<p  class=\"\"><\/p>\n\n<div  class=\"social-icons-group\" data-type=\"group\"><\/div>\n<\/div>\n<\/div>\n<\/div><div  class=\"col-xs-12 col-sm-6 col-padding col-md-2 \">\n<div  class=\"row \">\n<div  class=\"col-xs-12 col-sm-12\" data-type=\"column\"><img  decoding=\"async\" class=\"round face\" src=\"https:\/\/biellajetteam.com\/wp-content\/uploads\/2023\/10\/cropped-tommy-1.jpg\" title=\"cropped-tommy-1.jpg\" alt=\"\">\n<h4  class=\"font-500\">Tommaso Bina<\/h4>\n\n<p  class=\"\"><\/p>\n\n<div  class=\"social-icons-group\" data-type=\"group\"><\/div>\n<\/div>\n<\/div>\n<\/div>\n\n<\/div>\n<\/div>\n<\/div><div  id=\"la-nostra-storia\" class=\"content-8-mc content-section content-section-spacing\" style=\"background-color: #ffffff;\" data-label=\"La nostra storia\" data-id=\"content-8-mc\" data-export-id=\"content-8-mc\" data-category=\"content\">\n<div  class=\"gridContainer\">\n<div  class=\"row middle-sm\">\n<div  class=\"col-sm-6 space-bottom-xs space-top-xs\" data-type=\"column\"><img  decoding=\"async\" class=\"shadow-large\" src=\"https:\/\/biellajetteam.com\/wp-content\/uploads\/2023\/10\/cropped-cropped-team.jpg\" title=\"cropped-cropped-team.jpg\" alt=\"\"><\/div>\n<div  class=\"col-sm-6\" data-type=\"column\">\n<h2  class=\"\">Come \u00e8 nato il Biella Jet Team?<\/h2>\n<p  class=\"\">Il Biella Jet Team nasce ufficiosamente verso la fine del 2012 dall\u2019idea di creare una squadra per partecipare al campionato Italiano F4J sport. L\u2019anno successivo viene battezzato ufficialmente il team, ovviamente offuscati dai fumi dell\u2019alcol del Prosecco che \u00e8 servito come motivatore e disinibitore, consentendoci di partecipare alle prime gare. Successivamente alla nascita del team nel 2013, la squadra si \u00e8 espansa con l\u2019aggregazione di altri aeromodellisti entusiasti come noi, non tanto nella persecuzione dei risultati nelle gare, ma entusiasti di creare un gruppo festoso, sempre pronto a brindare con gli amici di tutta Italia (e oltre) e creare una sana aggregazione portando allegria e scompiglio nei vari eventi a cui ha partecipato. Nel tempo l\u2019evoluzione del team ci ha portato a partecipare a numerose manifestazioni e raduni, internazionali e non, partendo sempre dalla nostra prima direttiva, ovvero portare a spasso l\u2019allegria, la voglia di stare bene con i nostri amici e ultimo ma non ultimo volare con i nostri aeromodelli. Attualmente lo \u201czoccolo duro\u201d del Biella Jet Team \u00e8 rappresentato da Antonio, Luca, Marco, Nicola e Tommaso.<\/p>\n\n\n<\/div>\n<\/div>\n<\/div>\n<\/div><div  id=\"i-nostri-progetti\" class=\"portfolio-5-mc content-section content-section-spacing section-title-col-white-text bg-color1\" data-label=\"I nostri progetti\" data-id=\"portfolio-5-mc\" data-export-id=\"portfolio-5-mc\" data-bullets-visibility=\"true\" data-category=\"portfolio\">\n<div  class=\"\">\n<div  class=\"row text-center\">\n<div  class=\"section-title-col\" data-type=\"column\">\n<h5  class=\"\">I nostri progetti<\/h5>\n<h2  class=\"\">ZEFIRO<\/h2>\n<p  class=\"lead\">2019, fine dell\u2019anno. C\u2019\u00e8 l\u2019inverno davanti a noi, far\u00e0 freddo e si voler\u00e0 poco. Quale miglior momento per mettere in cantiere un progetto tutto nostro, potendo contare sulle capacit\u00e0 professionali e le doti umane di Marco per pensare, progettare e sviluppare un aeromodello sport jet?&nbsp; L\u2019obiettivo era quello di realizzare un jet alla portata di tutti coloro che vogliono avvicinarsi al mondo dei modelli a turbina con una dimensione importante. Le doti principali dovevano essere la facilit\u00e0 di pilotaggio, le dimensioni importanti, doti di volo che fossero allo stesso tempo quelle di un trainer e quelle di un jet acrobatico prestazionale. Inoltre, pur essendo un aeromodello di quasi tre metri di apertura alare per altrettanta lunghezza, avrebbe dovuto essere facilmente trasportabile.\n<br ><br >Nell\u2019inverno, tra una pizza e una birra abbiamo definito le linee di base, i criteri costruttivi e le geometrie del modello. Purtoppo il covid ci ha costretti a prolungare i tempi, ma a maggio del 2021 ha solcato i cieli il primo prototipo. Ne \u00e8 risultato un aeromodello leggero, di facile costruzione e con doti di volo altamente performanti, la fusoliera divisibile in 2 parti, rende Zefiro un modello di facile assemblaggio e trasporto con qualsiasi mezzo.<br >Il volo risulta essere estremamente facile, stabile e divertente con doti di volo acrobatiche e con decolli e atterraggi a bassissime velocit\u00e0.<br ><br >Il peso molto contenuto grazie all\u2019utilizzo delle nuove tecnologie e materiali disponibili, insieme alle doti di volo lo rendono un modello alla portata di chiunque voglia cimentarsi nel mondo dei jet. Per ogni ragguaglio vi rimandiamo alla pagina di Arolab Model Design, che produce e commercializza la nostra \u201cchicca\u201d<\/p>\n\n<\/div>\n<\/div>\n<div  class=\"row space-bottom spaced-cols\" data-type=\"row\">\n<div  class=\"col-xs-12 col-sm-4 text-center\">\n<div  class=\"card no-padding bordered\">\n<div  class=\"contentswap-effect contentswap-overlay\" style=\"float: none; margin: 0; width: 100%;\" data-hover-fx=\"portfolio-6\">\n<div  class=\"initial-image\" style=\"float: none; margin: 0;\"><img  decoding=\"async\" src=\"https:\/\/biellajetteam.com\/wp-content\/uploads\/2023\/10\/cropped-Zefiro.jpg\" data-size=\"500x333\"><\/div>\n<div  class=\"overlay bg-color6\" style=\"display: block; transition: opacity 800ms ease 0s; -webkit-transition-timing-function: ease; -moz-transition-timing-function: ease; -o-transition-timing-function: ease; transition-timing-function: ease;\"><\/div>\n<div  class=\"swap-inner col-xs-12\" style=\"display: block; transition: all 800ms ease 0s; background-color: rgba(0,0,0,0); margin-top: 0;\">\n<div  class=\"row full-height-row middle-xs middle-sm\">\n<div  class=\"col-xs-12 text-center content-holder\"><a class=\"button small color2\" href=\"https:\/\/www.arolab.it\/product\/zeffiro-advance-kit\" target=\"_blank\" data-cp-link=\"1\" rel=\"noopener\">Arolab Model Design<\/a><\/div>\n<\/div>\n<\/div>\n<\/div>\n<div  class=\"col-xs-12\">\n<div  class=\"space-bottom space-top\" data-type=\"column\">\n\n<p  class=\"small italic\">Lo Zefiro di Antonio in volo<\/p>\n\n<\/div>\n<\/div>\n<\/div>\n<\/div>\n<div  class=\"col-xs-12 col-sm-4 text-center\">\n<div  class=\"card no-padding bordered\">\n<div  class=\"contentswap-effect contentswap-overlay\" style=\"float: none; margin: 0; width: 100%;\" data-hover-fx=\"portfolio-6\">\n<div  class=\"initial-image\" style=\"float: none; margin: 0;\"><img  decoding=\"async\" src=\"https:\/\/biellajetteam.com\/wp-content\/uploads\/2023\/10\/cropped-trezefiri.jpg\" data-size=\"500x333\"><\/div>\n<div  class=\"overlay bg-color6\" style=\"display: block; transition: opacity 800ms ease 0s; -webkit-transition-timing-function: ease; -moz-transition-timing-function: ease; -o-transition-timing-function: ease; transition-timing-function: ease;\"><\/div>\n<div  class=\"swap-inner col-xs-12\" style=\"display: block; transition: all 800ms ease 0s; background-color: rgba(0,0,0,0); margin-top: 0;\">\n<div  class=\"row full-height-row middle-xs middle-sm\">\n<div  class=\"col-xs-12 text-center content-holder\"><a class=\"button small color2\" href=\"https:\/\/www.arolab.it\/product\/zeffiro-advance-kit\" target=\"_blank\" data-cp-link=\"1\" rel=\"noopener\">Arolab Model Design<\/a><\/div>\n<\/div>\n<\/div>\n<\/div>\n<div  class=\"col-xs-12\">\n<div  class=\"space-bottom space-top\" data-type=\"column\">\n\n<p  class=\"small italic\">La nostra pattuglia<\/p>\n\n<\/div>\n<\/div>\n<\/div>\n<\/div>\n<div  class=\"col-xs-12 col-sm-4 text-center\">\n<div  class=\"card no-padding bordered\">\n<div  class=\"contentswap-effect contentswap-overlay\" style=\"float: none; margin: 0; width: 100%;\" data-hover-fx=\"portfolio-6\">\n<div  class=\"initial-image\" style=\"float: none; margin: 0;\"><img  decoding=\"async\" src=\"https:\/\/biellajetteam.com\/wp-content\/uploads\/2023\/10\/cropped-topazefiro.jpg\" data-size=\"500x333\"><\/div>\n<div  class=\"overlay bg-color6\" style=\"display: block; transition: opacity 800ms ease 0s; -webkit-transition-timing-function: ease; -moz-transition-timing-function: ease; -o-transition-timing-function: ease; transition-timing-function: ease;\"><\/div>\n<div  class=\"swap-inner col-xs-12\" style=\"display: block; transition: all 800ms ease 0s; background-color: rgba(0,0,0,0); margin-top: 0;\">\n<div  class=\"row full-height-row middle-xs middle-sm\">\n<div  class=\"col-xs-12 text-center content-holder\"><a class=\"button small color2\" href=\"https:\/\/www.arolab.it\/product\/zeffiro-advance-kit\" target=\"_blank\" data-cp-link=\"1\" rel=\"noopener\">Arolab Model Design<\/a><\/div>\n<\/div>\n<\/div>\n<\/div>\n<div  class=\"col-xs-12\">\n<div  class=\"space-bottom space-top\" data-type=\"column\">\n\n<p  class=\"small italic\">A noi piacciono i modelli, ma anche e sopratutto le modelle..<\/p>\n\n<\/div>\n<\/div>\n<\/div>\n<\/div>\n<\/div>\n<div  class=\"row\">\n<div  class=\"col-xs-12 text-center\" data-type=\"column\"><a class=\"button color2 y-move\" href=\"https:\/\/www.arolab.it\/product\/zeffiro-advance-kit\" target=\"_blank\" data-cp-link=\"1\" rel=\"noopener\">Arolab Model Design<\/a><\/div>\n<\/div>\n<\/div>\n<\/div><div  id=\"collaborazioni\" class=\"content-7-mc content-section content-section-spacing\" style=\"background-color: #f5fafd;\" data-label=\"Collaborazioni\" data-id=\"content-7-mc\" data-export-id=\"content-7-mc\" data-category=\"content\" data-bullets-visibility=\"true\">\n<div  class=\"gridContainer\">\n<div  class=\"row middle-sm\">\n<div  class=\"col-sm-6 space-bottom-xs\" data-type=\"column\">\n\n<p  class=\"\">Il Biella Jet Team condivide idee, progetti e spirito con:<\/p>\n<a class=\"button color1\" href=\"https:\/\/www.arolab.it\" target=\"_blank\" data-cp-link=\"1\" rel=\"noopener\">Arolab Model Design<\/a>\n\n<\/div>\n<div  class=\"col-sm-6\" data-type=\"column\"><a data-cp-link=\"1\" href=\"https:\/\/www.arolab.it\" class=\"\" target=\"_blank\" rel=\"noopener\"><img  decoding=\"async\" class=\"shadow-large\" src=\"https:\/\/biellajetteam.com\/wp-content\/uploads\/2023\/10\/cropped-cropped-logo-arolab.jpg\" title=\"cropped-cropped-logo-arolab.jpg\" alt=\"Arolab Model Design\"><\/a><\/div>\n<\/div>\n<\/div>\n<\/div>","protected":false},"excerpt":{"rendered":"<p>La nostra missione Cosa fa il Biella Jet Team? Principalmente il Team esiste per passare in allegria e spensieratezza i nostri momenti liberi, abbiamo la fortuna di essere grandi Amici oltre a condividere la passione per l\u2019aeromodellismo. Partecipiamo a raduni in tutta Italia e oltre. Negli ultimi anni abbiamo deciso di organizzare un raduno tutto&hellip; <br \/> <a class=\"read-more\" href=\"https:\/\/biellajetteam.com\/\">Leggi tutto<\/a><\/p>\n","protected":false},"author":1,"featured_media":0,"parent":0,"menu_order":0,"comment_status":"closed","ping_status":"closed","template":"page-templates\/homepage.php","meta":{"footnotes":""},"class_list":["post-9","page","type-page","status-publish","hentry"],"_links":{"self":[{"href":"https:\/\/biellajetteam.com\/index.php?rest_route=\/wp\/v2\/pages\/9","targetHints":{"allow":["GET"]}}],"collection":[{"href":"https:\/\/biellajetteam.com\/index.php?rest_route=\/wp\/v2\/pages"}],"about":[{"href":"https:\/\/biellajetteam.com\/index.php?rest_route=\/wp\/v2\/types\/page"}],"author":[{"embeddable":true,"href":"https:\/\/biellajetteam.com\/index.php?rest_route=\/wp\/v2\/users\/1"}],"replies":[{"embeddable":true,"href":"https:\/\/biellajetteam.com\/index.php?rest_route=%2Fwp%2Fv2%2Fcomments&post=9"}],"version-history":[{"count":68,"href":"https:\/\/biellajetteam.com\/index.php?rest_route=\/wp\/v2\/pages\/9\/revisions"}],"predecessor-version":[{"id":233,"href":"https:\/\/biellajetteam.com\/index.php?rest_route=\/wp\/v2\/pages\/9\/revisions\/233"}],"wp:attachment":[{"href":"https:\/\/biellajetteam.com\/index.php?rest_route=%2Fwp%2Fv2%2Fmedia&parent=9"}],"curies":[{"name":"wp","href":"https:\/\/api.w.org\/{rel}","templated":true}]}}